o**2 + 14*o + 15. Determine a(13).
28
Let p(d) = d**3 - 17*d**2 - 36*d - 42. Let r = 1086 - 1067. Give p(r).
-4
Let s be 3 - 1/((-3)/(-21)). Let r be (2 - (-8)/s) + -8. Let d(g) = -g**3 - 7*g**2 + 10*g + 10. Determine d(r).
-6
Let y(l) = -2*l + 2. Suppose a - 3660 = -3657. Give y(a).
-4
Let b(l) = -5*l + 3*l + l - 1. Let j = -4692 + 4688. Give b(j).
3
Let c(a) = a**2 + 6*a**2 + 8*a - 3 + 3*a**2 + a**3. Suppose 15 = -10*m - 75. Calculate c(m).
6
Let m(r) = 9 - 2*r + 11*r - 8*r. Determine m(-4).
5
Let h(m) = -3*m**3 - 2*m - 1. Let g(n) = 11*n**3 - 11*n**2 - 4*n + 17. Let y(j) = g(j) + 4*h(j). Calculate y(-9).
-41
Suppose 0 = -i - 4*i - 5, -7 = y + 2*i. Let h be (-2)/8 - (-3)/20*y. Let k(o) = -3*o + 1. What is k(h)?
4
Suppose 5*o - 16 = -2*u, 2*u + 2 = -2*o + 12. Let m = 11 - 7. Let a(z) = -z + 2 + m*z - 5 + o. What is a(-2)?
-7
Let g(q) = 4*q + 1. Let l be g(1). Let h = l - 2. Let f(r) = -3*r + 1 - h*r**2 + 2*r**3 - r**3 + 4*r**2 + 0*r**3. Give f(-3).
-8
Let q(w) = -2*w**2 - 9*w - 6. Let s be q(-6). Let a be (-44)/(-110) - s/(-10). Let m(k) = -k**2 - k - 2. Calculate m(a).
-4
Suppose 2*l - 2*w = 10, -l = 4*l - 3*w - 21. Let r(a) = -2 + 8 - 5*a**2 + a**l - 7*a + 5*a. What is r(5)?
-4
Let n(i) = 2*i**2 - 6*i + 1. Let j(o) = 10*o + 93. Let b be j(-9). Calculate n(b).
1
Let n = -39 - -28. Let f(t) = -t - 1. Determine f(n).
10
Let a = -988 - -990. Let u(v) = -v**3 + 3*v**2 - 2*v + 2. Give u(a).
2
Let d(q) be the first derivative of q**6/180 + q**5/24 + q**4/8 - 4*q**3 - 13. Let b(j) be the third derivative of d(j). Determine b(-3).
6
Let n(r) = -r - 24. Let y(h) = -h - 25. Let t(o) = 4*n(o) - 3*y(o). Suppose 6*c - 4*c = 0. Calculate t(c).
-21
Let v = 131 + -129. Let m(q) be the third derivative of -5/6*q**3 - 5*q**v + 0*q - 1/24*q**4 + 0. Determine m(0).
-5
Let g(c) = -c + 4*c - 5*c**2 + 1 + 4*c**2. Let k(r) = -3 + 3 + 8*r - r**3 + 6*r**2 - 2 - 2. Let v be k(7). Determine g(v).
1
Let b(x) be the third derivative of 23*x**6/120 + x**4/12 - x**3/6 - 6*x**2 - 8*x. Determine b(1).
24
Suppose 0 = -r + 5*o - 5, 0 = -3*r - 0*o - o - 15. Let d(y) = y**3 + 6*y**2 - 2*y - 4. Let z(l) = l**3 + 7*l**2 - 3. Let g(u) = 3*d(u) - 2*z(u). Determine g(r).
-1
Let f be (-4 + 164)/4 + -3. Let x = f + -38. Let i(l) = l**3 + l**2 - l - 1. What is i(x)?
0
Let l = -2380 - -2374. Let u(a) = 2 - 3*a - a**2 - a - 4*a. Calculate u(l).
14
Let m(n) = n**2 + n - 11. Let l = -241 + 233. Determine m(l).
45
Let h(l) = l - 3. Suppose -3*g + 5*j = -2, -3*g - 10*j + 20 = -6*j. What is h(g)?
1
Let d(w) = -2*w**3 - 3*w**2 + 5*w + 2. Suppose h = 2*h + 2. Let t be 2/h - 22/11. What is d(t)?
14
Let b be ((64/(-12))/4)/((-2)/12). Let n(l) = l**2 - 11*l + 5. Determine n(b).
-19
Let a(d) = -4*d + 4. Let g(j) = -3*j + 2*j - 7*j + 9. Let v(p) = 5*a(p) - 2*g(p). Calculate v(2).
-6
Let j(q) = -q**2 + 4*q + 3. Suppose s + 14 = -5*p - 3*s, -4*s = 4. Calculate j(p).
-9
Let p(n) = -n**3 - 5*n**2 - 5*n + 4. Let l be p(-4). Suppose -4*j = -2*w + 8, -3*w = 4*j + l - 0. Let x(q) = 4*q - 3 - 5*q + w*q + 2*q. Give x(2).
-1
Let u be 7 + (3 + 0)/3. Let p(h) = -13 + h + 3*h**2 - 2*h**3 - u*h + 3*h**3 + 7. Determine p(-4).
6
Let v = -95 + 131. Let o(z) = 7*z - 4*z**2 - 38 + 3*z**2 + v. Give o(5).
8
Suppose 3*d + 13 = -4*m, 18 = 3*d - 5*d + 2*m. Let j be 7/(-21) + 10/3. Let f(t) = 9*t - 11. Let y(k) = 4*k - 5. Let a(c) = d*y(c) + j*f(c). Calculate a(0).
2
Let r(d) be the first derivative of d**4/4 - d**3/3 - d**2/2 - 2*d + 255. What is r(0)?
-2
Let g(h) = 28*h + 251. Let n be g(-9). Let j(x) = -39*x**2. Determine j(n).
-39
Let v(l) = 12*l**2 + 1. Let h(t) = -2*t + 47. Let d(i) = i - 48. Let p(g) = 7*d(g) + 6*h(g). Let m be p(-11). Determine v(m).
13
Let f be 2/(-3)*(0 - 18). Let y = f + -8. Let x(k) = y*k - 7 - k - k - k. Give x(5).
-2
Let l(o) be the third derivative of -o**4/4 + o**3/3 - 2*o**2. Let y be (6/(1 + 2))/(-2). Let m be (-4)/((-3 - y)*-1). Calculate l(m).
14
Let w(p) = p**3 + 4*p**2 - 5*p + 6. Suppose -6*t + 3*l - 19 = -4*t, 3*t + 5*l = 0. What is w(t)?
6
Let p(i) be the second derivative of -i**6/360 - i**5/30 + i**4/4 - 7*i**3/3 + 9*i. Let z(s) be the second derivative of p(s). Determine z(-6).
-6
Let j(i) = 0*i - 1 + 0 + 4*i - 3*i + 12. Calculate j(6).
17
Let q(l) = 3*l**2 + 5*l - 2. Let u(f) = -f**2 + f - 2. Let j(h) = -q(h) - 4*u(h). Determine j(11).
32
Let m = 1979 - 1977. Let a(d) = d**3 + 2*d**2 - d + 1. What is a(m)?
15
Let w = 0 - 6. Let y be (-7)/6 + (-1)/w. Let b(j) = 3*j**3 - j**2 - j - 1. Determine b(y).
-4
Let v(u) = -3*u + 6. Let z be v(-2). Let x = -17 + z. Let y(l) = l**2 + l - 4. Let g(d) = -d. Let f(j) = -5*g(j) + y(j). Calculate f(x).
-9
Let f be 8/3*75/50. Suppose 3*a + 3*m - 1 = 11, 0 = 2*a + f*m - 18. Let j(h) = -11*h**3 + h**2 - 1. What is j(a)?
11
Let u(q) = 5*q - 171*q**2 - 7 + 88*q**2 + 84*q**2. Let b(s) = -s + 6. Let f be b(0). Suppose c + 1 = -f. Give u(c).
7
Suppose -4*m + m - 4*p = -33, -m + 2*p = -1. Let y(o) = o**3 - 7*o**2 + 6*o + 6*o - o**2 - 5*o. Calculate y(m).
0
Let u(y) = 2*y - 8. Let c(g) = -g**3 - 17*g**2 + 18*g - 4. Let v be c(-18). Let m(a) = 1. Let b(s) = v*m(s) - u(s). Let z = -2 + 5. Determine b(z).
-2
Suppose 3*u = u + 3*h + 35, 2*h = -u + 14. Let x(p) = -2*p + 29. Determine x(u).
-3
Let o(w) = w**3 + 3*w**2 - 4*w - 5. Let t(p) = -17 + 7 - 3*p**2 - 11*p + 2*p**2. Let x be t(-11). Let s = x - -6. Calculate o(s).
-5
Let f(t) = -t**3 - 8*t**2 + 3*t - 9. Let h be 5 + -9 - (8 - 5). Determine f(h).
-79
Suppose -8*u = -5*u. Let a be 4 - u*2/6. Let s(m) = 4*m + 14 - 3*m - a. Calculate s(-6).
4
Let c(l) = -l**2 + 5*l**2 - 36*l + 35*l - l**2. Calculate c(1).
2
Let g(v) = 7*v - 5. Let r(c) = 6*c - 5. Suppose -14 = -2*i + p, 3*p = 2*i - 2*p - 30. Let b(w) = i*g(w) - 6*r(w). What is b(5)?
0
Let c be (2 + 2 + 0)/(-15 - (-1717)/119). Let h(n) = -4*n**2 - 9*n + 4. Let a(w) = -9*w**2 - 19*w + 8. Let i(k) = -3*a(k) + 7*h(k). What is i(c)?
-3
Let n(c) be the third derivative of c**5/30 + c**4/2 + 5*c**3/3 - 148*c**2. What is n(-5)?
0
Let m(o) = o + 3*o**2 + 193 + 5*o**3 - 191 - 3*o**3 - o**3. What is m(-3)?
-1
Suppose b - 1916 = -1912. Let n(f) = 0*f**2 - 5*f + f**2 + 3 - 2. What is n(b)?
-3
Let l(f) = f**3 - 3*f**2 - 2*f - 1. Let x(v) = -15*v**3 + v**2. Let c be x(-1). Let h be (24 - -2)*(-1)/(-2). Let i = c - h. What is l(i)?
-7
Suppose 5*r - 3*a + 49 = 0, -4*a - 19 + 0 = r. Let q(b) = -b**3 - 11*b**2 + b + 6. Calculate q(r).
-5
Let s(z) = -2*z - z**2 + z**2 + 2*z**2 + 4 - z**2. Let r be 2/(1 - 24/22). Let k = r - -26. Calculate s(k).
12
Let y(c) = -c - 1. Let k(s) = 5*s + 7. Let r(w) = -10*w - 14. Let a(x) = -5*k(x) - 2*r(x). Let d(n) = -a(n) + 6*y(n). Give d(4).
-3
Let h(s) = -s**3 + 10*s**2 - 16*s + 3. Let b be ((-6)/9)/((-23)/(-12) + -2). Give h(b).
3
Let n(q) = -3*q + 50. Let a be n(16). Let r(v) be the first derivative of -1 - v**2 + 2*v + 1/3*v**3 - 1/4*v**4. What is r(a)?
-6
Let b(g) = -5 + 7*g - 22*g + 1 + 16*g. Give b(5).
1
Let d = -70 + 74. Let z(p) = -p**2 - 4 + 7 + 5*p - 2. What is z(d)?
5
Suppose 2*h + 3*x - 4 - 5 = 0, -5*x + 15 = 0. Suppose -k = -h - 3. Suppose -5*v - 3*d - 2 = -d, -3 = k*d. Let y(q) = q**2 - q + 3. What is y(v)?
3
Let m = 5 - 10. Let g(d) be the first derivative of d**5/60 - d**4/12 + 22*d**3/3 - 18. Let p(a) be the third derivative of g(a). Give p(m).
-12
Let y(v) = -5*v - 13. Let w be y(-4). Suppose -3*n + w = 5*l - l, -4*n = -4*l. Let x(t) = 9*t**2 - t + 1. What is x(l)?
9
Let o(u) = 3*u**2 - u + 2. Let l be o(0). Let f(y) be the first derivative of 5/2*y**l + 4*y + 2/3*y**3 + 4. Give f(-3).
7
Let l(r) = r**2 - 4*r - 8. Let i be l(-4). Let q = i - 20. Let p(h) = -2*h**3 + 9 + 2*h**2 - q - 3 + h. Give p(2).
-4
Let n(k) = k**3 - 7*k**2 + 8*k - 9. Suppose -3*d + 2*d - 2 = 3*s, 10 = d - 3*s. Suppose d*m = 13 + 11. Give n(m).
3
Let q(x) = -4*x**2 - 11*x - 27. Let b(j) = 8*j**2 + 20*j + 47. Let s(u) = 4*b(u) + 7*q(u). What is s(1)?
6
Let q be (-4)/16*-12*1. Let p(l) = -1. Let y(i) = -5*i. Let j(k) = 2*p(k) - y(k). Calculate j(q).
13
Let j = -1690 - -1686. Let g(b) = 3*b - 5. What is g(j)?
-17
Let j(r) be the first derivative of 4*r - 3 + 0*r**2 - 1/3*r**3. Let l(g) = 24*g + 69. Let q be l(-3). What is j(q)?
-5
Let k(l) = -l**3 + 4*l**2 - l - 2. Let s = -40 - -56. Let x be -9*(4 - 9)/5. Suppose s = 5*u - 4*b, -5*u = -2*u - 3*b - x. Give 